). Suppose -s = -4*x + 31. Calculate the remainder when l(-4) is divided by x.
23
Let z(v) = 0*v - 8 - 3 + 39 + v. Calculate the remainder when z(5) is divided by 17.
16
Suppose 0*o - 3*g - 34 = 5*o, 3*o = -3*g - 24. Calculate the remainder when 18 is divided by 4/(6/3) - o.
4
Let h be (-159)/12*(-10 + 6). Let u = -11 + h. What is the remainder when u is divided by 15?
12
Suppose 0 = k - 10 + 1. What is the remainder when (297/(-63))/(3/(-21)) is divided by k?
6
Let j(l) = -l - 10. Let f be j(-6). Let v be 0 - (-4 - (3 + f)). What is the remainder when 21 is divided by v + (0 - -3) + 2?
5
Let u(p) = 2*p - 1 + p**3 + 6*p**2 + 4*p - 2*p. Let b = -2874 - -2947. What is the remainder when b is divided by u(-4)?
13
Let w be (-7 - (-42)/(-49)) + 1/(-7). Let s(g) be the third derivative of -g**4/4 - 7*g**3/3 + g**2. What is the remainder when s(w) is divided by 7?
6
Let g(r) = -r**3 - 11*r**2 + 10*r + 5. Suppose 42 = w + 12. Suppose -8*b + 6*b = -w. What is the remainder when g(-12) is divided by b?
14
Let b be ((-5)/(-20)*0)/2. Suppose b = p - 12 - 11. Calculate the remainder when 44 is divided by p.
21
Let u(n) = -3*n**2 + 37*n + 71. Calculate the remainder when u(11) is divided by 48.
19
Let s be ((-2)/4)/((-2)/(-4)). Let v = 33 + -21. What is the remainder when (-102)/9*3*s is divided by v?
10
Let u(o) be the first derivative of o**3 + 3*o**2/2 - 2*o - 6. Let r = 11 + -2. What is the remainder when u(-3) is divided by r?
7
Let s(i) = 5*i + 128. Calculate the remainder when s(-23) is divided by 2.
1
Suppose 0*d = 4*d + 176. Let n = -19 - d. Let s = n - 13. What is the remainder when 34 is divided by s?
10
Let c(v) = 7*v**2 - 7*v - 18. Let k be c(-7). Let w = k - 260. What is the remainder when w is divided by 39?
36
Let i(o) = o**3 + o**2 - 2*o - 1. Let m be i(-2). Let p(h) = 13*h**2 + 2*h + 1. Suppose -720 + 532 = -4*v. What is the remainder when v is divided by p(m)?
11
Suppose -112*d + 42*d + 8400 = 0. Calculate the remainder when d is divided by 40.
0
Suppose 0 = -2*x + 439 - 87. Calculate the remainder when x is divided by 26.
20
Suppose -4*q + 12 = -3*q. Suppose -12*l + 8 = -11*l. Calculate the remainder when q is divided by l.
4
Suppose p + 3*z = -2*p - 198, -5*p + z = 300. Let q = 107 + p. What is the remainder when q is divided by 24?
22
Let d(g) = g + 3. Let r be d(-3). Suppose r = 4*w - 0 + 76. Let l = w - -43. Calculate the remainder when l is divided by 9.
6
Let m(z) = -z**3 + 8*z**2 - 4*z - 5. Suppose 26 = p + 2*t, 2*p - 33 + 6 = t. What is the remainder when m(6) is divided by p?
11
Let l = -172 + 217. Calculate the remainder when 537 is divided by l.
42
Suppose -2*j - 309 = -5*k - 0*j, 6 = -3*j. Let w(y) = y**2 - 8*y + 11. Calculate the remainder when k is divided by w(8).
6
Let y = 84 - 70. Let b = 9 + 5. Calculate the remainder when b is divided by y.
0
Let v = 12 - 17. Let z be (2 - (v - -3)) + -1. Suppose z*q - 2 = 4. Calculate the remainder when 2 is divided by q.
0
Suppose -33*y - 9*y = -1848. Calculate the remainder when 252 is divided by y.
32
Suppose 54 = -4*i - s - 86, 2*s = -4*i - 136. Let h = i + 92. Suppose 5 = z - 14. What is the remainder when h is divided by z?
18
Let t(f) = -7*f + f**2 - 3 - 3 + 11*f**2. Calculate the remainder when 35 is divided by t(-1).
9
Let a = 39 - 19. Suppose 2*k - 136 = -4*z, -3*z = 5*k - z - 380. Suppose -w = -2*j + k, -5*j + 47 + 148 = -3*w. What is the remainder when j is divided by a?
19
Calculate the remainder when 37 is divided by 35 + 3*(-5)/3.
7
Let p(g) = -7*g + 318. What is the remainder when 48 is divided by p(44)?
8
Let s be -1*(3 - 2) + 0. Let u be (s + 0/3)*1. Let k(o) = 19*o**2 - 2*o - 1. Calculate the remainder when k(u) is divided by 11.
9
Suppose -7*y + 8*y + 1 = 0. Calculate the remainder when 19 is divided by -3 - -1*(-8)/y.
4
Let w(u) = 6*u - 8*u**2 - 10 + 0*u**3 - u**3 + 3*u**2. Suppose -2*t + 8 = -3*r - 12, 2*r - 40 = -2*t. Calculate the remainder when w(-7) is divided by t.
14
What is the remainder when 181 is divided by (108/(-16) + -1)/(1/(-8))?
57
Let c be -3 - ((-18)/2 + 1). Suppose 170 = 3*w - c*d, 3*d = -5*w - d + 345. Let z = w - 19. What is the remainder when z is divided by 24?
22
Let n = 51 + -27. What is the remainder when 72 is divided by n?
0
Suppose 5*p = 139*a - 141*a + 224, 2*p - 4*a - 80 = 0. What is the remainder when 172 is divided by p?
40
Calculate the remainder when (-36)/(-66) + (-21678)/(-66) is divided by 30.
29
Let r = 46 - 34. Calculate the remainder when 464 is divided by r.
8
What is the remainder when 188 is divided by -5 - ((-464)/8 - 10)?
62
Let n(f) = 5*f + 185. What is the remainder when 717 is divided by n(-34)?
12
Let y be (-15)/(-6) - (-3)/6. Let o be -3*3*(-4)/18. Suppose -3*r - d = o*d - 51, y*d + 125 = 5*r. Calculate the remainder when 64 is divided by r.
20
Let g(l) = -l**2 + 2*l - 2. Let b be (-3)/15 - 11/(-5). Let p be g(b). Let r(s) = 3*s**2 + s. Calculate the remainder when 48 is divided by r(p).
8
Let m = -96 - -106. What is the remainder when -1 + 2 + -4 + 29 is divided by m?
6
Let b(i) be the third derivative of i**6/40 + 11*i**5/30 + i**4/6 + i**3/6 - 24*i**2. Calculate the remainder when 64 is divided by b(-7).
20
Let u(s) = -s + 28. Let a be u(20). Suppose -a*w = 3*w - 33. What is the remainder when w is divided by 3?
0
Suppose 3*f - 214 = -52. Suppose -4*t = t - 535. Suppose -4*n + 5 = -t. What is the remainder when f is divided by n?
26
Let o(c) = 4*c**3 - 3*c**2 + c + 2. Let j be o(4). Let v be 5/(5/(-3)) + j. Suppose 74 + v = 5*h. What is the remainder when h is divided by 15?
12
Let u be ((-4)/(-14))/(8/56). Suppose 90 = 8*a + u*a. What is the remainder when 17 is divided by a?
8
Let h = -26 - -36. What is the remainder when -1 + -2 + 29 - -2 is divided by h?
8
What is the remainder when 70/(-28)*(-44)/2 is divided by 16?
7
Suppose -c + 78 = 16. Suppose -c = -3*o + 4. What is the remainder when o is divided by 5?
2
Let f(h) = h**3 - 5*h**2 + 4*h + 2. Calculate the remainder when 2 is divided by f(4).
0
Let b(g) = g + 7. Let v be b(-5). Suppose 42 = v*j - 20. Let z(q) = q**3 + 6*q**2 + 3*q + 1. Calculate the remainder when j is divided by z(-2).
9
Suppose -4*q = 4*a - 38 + 6, -5*q + 34 = 2*a. Calculate the remainder when 223 is divided by q.
1
Let a(x) = x**3 + 7*x**2 + 5*x - 2. Let w = 29 + -19. Let q = w - -2. Calculate the remainder when a(-5) is divided by q.
11
Let n = -362 + 479. Suppose -3*k = c - 6, 5*c = -2*k + 2*c + 4. What is the remainder when n is divided by (32 + 1 - k) + -1?
27
Calculate the remainder when (14 - 0)/(5/10) is divided by 7.
0
Suppose -16*u + 185 - 9 = 0. Calculate the remainder when 284 is divided by u.
9
Let u = -953 - -964. Calculate the remainder when 329 is divided by u.
10
Let n = 126 + 101. What is the remainder when n is divided by 29?
24
Let r = -10 - -13. Suppose r*d + d = 8. Suppose -50 = -d*g + 5*l, g = 2*l + 35 - 11. What is the remainder when 38 is divided by g?
18
Calculate the remainder when 100 is divided by 8/18 + (-30324)/(-1026).
10
Let y(n) = -n + 9. Let g be y(-16). Suppose -k = 5*r + 19 + g, -2*r - 132 = 3*k. Let m = k + 89. What is the remainder when m is divided by 12?
9
Let w(v) = v**2 - 18*v + 3. Let n = -18 + 34. Let k be w(n). Let d = 59 + k. Calculate the remainder when 88 is divided by d.
28
Suppose -2*y = y + 9, -24 = -3*u - 5*y. Let i(x) = -5*x**3 - 29*x**2 + 4*x + 11. What is the remainder when i(-6) is divided by u?
10
Suppose l + 0*l - 39 = 0. Let m = 70 + -42. Suppose t - 3*t + m = 0. Calculate the remainder when l is divided by t.
11
Let w = -555 - -640. What is the remainder when w is divided by 35?
15
Suppose 3*f - 4*i = 43, 0*i - 26 = -f - i. What is the remainder when 30 is divided by f?
9
Suppose -3*a - 102 + 360 = -3*s, -4*a + s + 329 = 0. Suppose -2*n + 34 = r, -7*r + 51 = 3*n - 5*r. What is the remainder when a is divided by n?
13
Let y = 17 - 5. Calculate the remainder when y is divided by 8.
4
Let k(w) = 134*w + 5. What is the remainder when k(1) is divided by 692/20 + (-3)/((-60)/8)?
34
Calculate the remainder when 85 is divided by 42 + -10*8/20.
9
Calculate the remainder when 2/12 - (-3183)/18 is divided by 9.
6
What is the remainder when 153 is divided by (-436)/(-7) - (-30)/(-105)?
29
Let l(n) = -3*n**2 - 85*n - 7. Calculate the